1112120111121
1232311 (base 10) to base 2
100101100110110110111
What is 3b662a5 (base 12) in base 3?
211021001010022
3a5367 (base 11) to base 4
2123123232
11110212120 (base 3) to base 2
10101100000110100
22121144 (base 8) to base 5
2204311124
What is 2101233102 (base 5) in base 3?
22010112100001
-121320020213 (base 4) to base 12
-233179b
-105644 (base 7) to base 10
-18848
What is b5636f (base 16) in base 15?
109c331
Convert -19c4c9 (base 14) to base 16.
-dffd1
-b0a3 (base 12) to base 11
-13412
Convert -31959 (base 12) to base 9.
-108516
10210042120 (base 5) to base 3
201222221120200
-658e8 (base 16) to base 11
-264590
What is 1aeae2 (base 16) in base 15?
24ca46
What is -12121100201 (base 3) in base 14?
-2c2d7
186b0 (base 14) to base 8
170402
10e08 (base 16) to base 6
1252012
What is 1103101111 (base 4) in base 8?
1232125
-33331301011 (base 4) to base 5
-2032411112
Convert 2a2997 (base 12) to base 6.
23114311
Convert -1015a (base 12) to base 3.
-1001201221
Convert -100011111101010101000 (base 2) to base 16.
-11faa8
Convert -10452321 (base 6) to base 2.
-1001101101001111001
Convert 56887 (base 12) to base 2.
11100001001100111
What is -302112511 (base 6) in base 13?
-10b0520
What is -3369b (base 15) in base 14?
-43824
What is 32201120320 (base 4) in base 9?
7141821
Convert -4250240 (base 7) to base 3.
-222020021202
What is 16add (base 15) in base 10?
73333
Convert 4117347 (base 8) to base 4.
10021323213
Convert 212120021020 (base 3) to base 5.
104320324
Convert 1b09357 (base 12) to base 13.
125c38c
Convert -2015761 (base 8) to base 5.
-114001231
Convert -110310342 (base 5) to base 7.
-4033025
Convert 1011101001001010001100 (base 2) to base 4.
23221022030
Convert 11102000210102 (base 3) to base 12.
94b99b
-143553 (base 7) to base 4
-12301023
What is -11110100000001000111 (base 2) in base 16?
-f4047
12200202012 (base 3) to base 4
123113102
Convert 12011120122202 (base 3) to base 7.
32231525
-10008835 (base 9) to base 5
-2211230411
42433443 (base 5) to base 2
1010111100011011111
Convert 317720 (base 8) to base 6.
2140452
Convert 11671 (base 14) to base 7.
234501
333022232233 (base 4) to base 13
357a150
332000322 (base 4) to base 12
102bb6
Convert -316541 (base 7) to base 12.
-27b02
What is -43b6a7 (base 14) in base 13?
-625cc2
10513554 (base 6) to base 5
40232344
Convert -361a600 (base 12) to base 7.
-155106402
What is 346a38 (base 15) in base 14?
492346
Convert -111100101010000000101001 (base 2) to base 15.
-15e14c8
Convert -131504 (base 8) to base 13.
-17b72
Convert 895479 (base 10) to base 7.
10416504
What is -7b6672 (base 14) in base 11?
-2412384
32555 (base 10) to base 2
111111100101011
145023201 (base 6) to base 15
3ee81d
Convert -3021320111 (base 4) to base 7.
-10012535
What is 613a7 (base 13) in base 15?
3693c
Convert -1583764 (base 11) to base 10.
-2698854
-20444423 (base 5) to base 11
-10813a
-342ea (base 15) to base 12
-80111
Convert 17a307 (base 12) to base 7.
3333205
-b0093 (base 13) to base 4
-1030232303
What is 8826b (base 12) in base 16?
2bf73
What is -210121020120 (base 3) in base 11?
-2704a1
-1e677 (base 15) to base 6
-2043521
Convert -5102413 (base 9) to base 8.
-12274540
Convert -1101111110011100100 (base 2) to base 11.
-293084
Convert -1233146 (base 9) to base 7.
-5464551
What is -26527b (base 15) in base 13?
-4c562c
What is 487148 (base 13) in base 3?
10020212002222
-9cc44 (base 13) to base 3
-112111121222
What is -ceda (base 16) in base 3?
-2200122021
What is -347ed9 (base 15) in base 4?
-21210031110
-122b3aa (base 12) to base 10
-3544690
461543 (base 8) to base 4
212031203
-1011111101000010111000 (base 2) to base 3
-12220012112011
What is -23a901 (base 13) in base 16?
-cff31
-2776004 (base 8) to base 6
-24500100
What is -423351 (base 10) in base 5?
-102021401
999810 (base 12) to base 8
11243114
Convert 31023222031 (base 4) to base 16.
34ba8d
-9327 (base 10) to base 6
-111103
Convert -20770414 (base 8) to base 9.
-8335755
What is -23e0e2 (base 16) in base 3?
-11102110102022
Convert 244292c (base 13) to base 7.
164462015
Convert -1266405 (base 10) to base 4.
-10311023211
58129 (base 12) to base 3
12222102120
Convert 16743 (base 11) to base 4.
11233201
Convert 1000110111100000011000 (base 2) to base 11.
1348486
Convert -3231302 (base 4) to base 6.
-154242
Convert -43a1a5 (base 11) to base 10.
-701673
10a4e4 (base 16) to base 15
1682e3
Convert 49bf (base 16) to base 14.
6c47
What is 212242020 (base 5) in base 10?
899635
-661614 (base 8) to base 12
-a8638
What is 1010111011001000001000 (base 2) in base 5?
1213113444
Convert -255692 (base 11) to base 4.
-1202111211
Convert 323144 (base 6) to base 10.
26632
-890a7 (base 15) to base 2
-1101010010101001100
What is ad2bb (base 14) in base 15?
8485e
-658260 (base 9) to base 3
-201222022000
32222123 (base 4) to base 15
12bde
What is 434604 (base 10) in base 5?
102401404
-4bdd4 (base 14) to base 2
-101101100011010110
What is 2317a0 (base 13) in base 8?
3130443
1213200332 (base 4) to base 12
185452
What is -6037235 (base 9) in base 3?
-20001021021012
61377 (base 10) to base 11
42128
Convert 2081584 (base 9) to base 15.
170c8a
6516250 (base 7) to base 6
25010201
-2baa6c (base 14) to base 7
-15661665
2064222 (base 7) to base 10
251190
What is -1323457 (base 8) in base 15?
-74b89
45216263 (base 7) to base 2
1110111101001011111001
What is 2e9fb7 (base 16) in base 6?
145254011
5526001 (base 7) to base 13
1aa178
What is 11901 (base 11) in base 4?
10022212
120103332203 (base 4) to base 10
6373283
What is -26b7c (base 13) in base 7?
-420455
What is 12233113131 (base 4) in base 10?
1766877
-5659118 (base 10) to base 16
-5659ee
13031400 (base 5) to base 12
61678
Convert 24130 (base 8) to base 3.
112011112
-11100001111001110110 (base 2) to base 3
-1202000021110
What is -70c47b (base 14) in base 12?
-1332311
What is -51210006 (base 7) in base 14?
-7d28ad
What is 101100110111101110110 (base 2) in base 12?
5aaa72
11003034243 (base 5) to base 10
11768073
1211280 (base 9) to base 4
2200122213
Convert 185114 (base 10) to base 12.
8b162
Convert 414340033 (base 5) to base 3.
10020010120012
-137a10 (base 11) to base 3
-101221121221
-6406 (base 13) to base 3
-201000111
Convert 4429208 (base 10) to base 6.
234533332
-199612 (base 13) to base 14
-12c7d6
Convert -13425320 (base 6) to base 2.
-1101111000010010000
What is 113243232 (base 7) in base 14?
cdbb19
Convert 10012022100 (base 4) to base 8.
4061220
Convert 13302021133 (base 4) to base 9.
3748827
-472105 (base 8) to base 10
-160837
What is -314424 (base 10) in base 8?
-1146070
7685122 (base 9) to base 3
21202212010202
-1129e (base 15) to base 9
-82805
110252 (base 7) to base 5
1104333
9c470 (base 15) to base 14
cd254
What is -6886245 (base 9) in base 6?
-211405235
c817 (base 15) to base 3
2011001111
Convert -1101111110110000 (base 2) to base 13.
-200ac
What is -467a8 (base 14) in base 4?
-221322000
-1300150 (base 7) to base 14
-453d0
What is -11244023034 (base 5) in base 6?
-1135554032
Convert -1010011110100101110 (base 2) to base 6.
-11205314
-23032100 (base 6) to base 11
-441089
Convert 436a9a (base 11) to base 13.
1b55a8
What is 651053 (base 7) in base 13?
3c6cb
What is -1bb28 (base 14) in base 8?
-212210
-10088143 (base 9) to base 15
-659759
What is -938097 (base 10) in base 13?
-26acb4
Convert 1d67 (base 16) to base 15.
236c
20420523 (base 6) to base 4
2100331203
What is -102454412 (base 6) in base 7?
-21253265
Convert 2607727 (base 12) to base 2.
11100100001101101001111
What is -27a9891 (base 12) in base 8?
-36217655
126440 (base 11) to base 9
332681
-2202 (base 16) to base 13
-3c69
Convert 2324121 (base 5) to base 6.
524203
Convert -522491 (base 10) to base 6.
-15110535
What is c139b (base 14) in base 12?
1a4951
-3123031 (base 4) to base 8
-33315
What is -40312 (base 13) in base 8?
-340116
Convert -2223111 (base 5) to base 15.
-b906
21363 (base 12) to base 4
22222323
4ec3a4 (base 15) to base 16
39cb3b
1f5f3 (base 16) to base 8
372763
What is -464231 (base 9) in base 12?
-115324
Convert -294e52 (base 15) to base 16.
-1e61be
6444530 (base 7) to base 11
496339
Convert -96046 (base 13) to base 5.
-32122124
What is 122300220 (base 5) in base 8?
2173450
Convert 1201022 (base 6) to base 10.
62438
Convert 13cbd3 (base 16) to base 2.
100111100101111010011